st the prime factors of 11996.
2, 2999
List the prime factors of 988.
2, 13, 19
What are the prime factors of 55557?
3, 6173
List the prime factors of 200.
2, 5
List the prime factors of 5212.
2, 1303
What are the prime factors of 21607?
17, 31, 41
What are the prime factors of 24803?
17, 1459
List the prime factors of 3373.
3373
List the prime factors of 14540.
2, 5, 727
What are the prime factors of 45613?
45613
What are the prime factors of 126262?
2, 63131
List the prime factors of 2147.
19, 113
What are the prime factors of 26443?
31, 853
What are the prime factors of 4975?
5, 199
What are the prime factors of 12718?
2, 6359
What are the prime factors of 2192?
2, 137
What are the prime factors of 11130?
2, 3, 5, 7, 53
What are the prime factors of 52335?
3, 5, 1163
List the prime factors of 5196.
2, 3, 433
List the prime factors of 122.
2, 61
What are the prime factors of 320?
2, 5
What are the prime factors of 28042?
2, 7, 2003
List the prime factors of 3813.
3, 31, 41
What are the prime factors of 778?
2, 389
What are the prime factors of 11917?
17, 701
What are the prime factors of 11103?
3, 3701
List the prime factors of 14565.
3, 5, 971
List the prime factors of 671.
11, 61
What are the prime factors of 4889?
4889
List the prime factors of 49675.
5, 1987
List the prime factors of 1936.
2, 11
What are the prime factors of 10?
2, 5
What are the prime factors of 875?
5, 7
List the prime factors of 1669.
1669
List the prime factors of 2158.
2, 13, 83
What are the prime factors of 3171?
3, 7, 151
List the prime factors of 4910.
2, 5, 491
List the prime factors of 669.
3, 223
What are the prime factors of 3299?
3299
What are the prime factors of 2280?
2, 3, 5, 19
List the prime factors of 219.
3, 73
What are the prime factors of 526?
2, 263
List the prime factors of 28107.
3, 347
What are the prime factors of 29193?
3, 37, 263
List the prime factors of 23465.
5, 13, 19
What are the prime factors of 15317?
17, 53
List the prime factors of 7293.
3, 11, 13, 17
List the prime factors of 7555.
5, 1511
What are the prime factors of 4120?
2, 5, 103
What are the prime factors of 525?
3, 5, 7
List the prime factors of 766.
2, 383
What are the prime factors of 949?
13, 73
List the prime factors of 8163.
3, 907
List the prime factors of 25951.
25951
What are the prime factors of 14042?
2, 7, 17, 59
What are the prime factors of 3714?
2, 3, 619
What are the prime factors of 3415?
5, 683
List the prime factors of 14025.
3, 5, 11, 17
List the prime factors of 99542.
2, 71, 701
List the prime factors of 21487.
21487
List the prime factors of 105174.
2, 3, 5843
List the prime factors of 68296.
2, 8537
List the prime factors of 42145.
5, 8429
List the prime factors of 2319.
3, 773
List the prime factors of 14646.
2, 3, 2441
What are the prime factors of 1207?
17, 71
List the prime factors of 8499.
3, 2833
What are the prime factors of 20536?
2, 17, 151
What are the prime factors of 50415?
3, 5, 3361
List the prime factors of 9007.
9007
List the prime factors of 128164.
2, 179
List the prime factors of 18734.
2, 17, 19, 29
What are the prime factors of 610?
2, 5, 61
What are the prime factors of 30?
2, 3, 5
What are the prime factors of 1466?
2, 733
What are the prime factors of 986?
2, 17, 29
List the prime factors of 428.
2, 107
List the prime factors of 1849.
43
What are the prime factors of 1499?
1499
List the prime factors of 134747.
127, 1061
What are the prime factors of 30354?
2, 3, 5059
What are the prime factors of 1916?
2, 479
List the prime factors of 41307.
3, 7, 281
What are the prime factors of 2470?
2, 5, 13, 19
What are the prime factors of 4301?
11, 17, 23
What are the prime factors of 122?
2, 61
List the prime factors of 2179.
2179
List the prime factors of 2715.
3, 5, 181
List the prime factors of 184.
2, 23
What are the prime factors of 31380?
2, 3, 5, 523
List the prime factors of 66537.
3, 7393
What are the prime factors of 8925?
3, 5, 7, 17
List the prime factors of 9453.
3, 23, 137
What are the prime factors of 1450?
2, 5, 29
What are the prime factors of 12562?
2, 11, 571
What are the prime factors of 61803?
3, 7, 109
List the prime factors of 5721.
3, 1907
List the prime factors of 322.
2, 7, 23
List the prime factors of 191041.
73, 2617
List the prime factors of 2643.
3, 881
List the prime factors of 447.
3, 149
List the prime factors of 26973.
3, 37
List the prime factors of 1117.
1117
List the prime factors of 6958.
2, 7, 71
What are the prime factors of 18296?
2, 2287
List the prime factors of 1211.
7, 173
List the prime factors of 1076.
2, 269
List the prime factors of 50343.
3, 97, 173
List the prime factors of 73720.
2, 5, 19, 97
What are the prime factors of 2442?
2, 3, 11, 37
What are the prime factors of 12393?
3, 17
What are the prime factors of 32086?
2, 61, 263
What are the prime factors of 178724?
2, 7, 13, 491
What are the prime factors of 18683?
7, 17, 157
List the prime factors of 6579.
3, 17, 43
What are the prime factors of 1503?
3, 167
List the prime factors of 7838.
2, 3919
What are the prime factors of 500?
2, 5
List the prime factors of 3711.
3, 1237
What are the prime factors of 5204?
2, 1301
What are the prime factors of 8846?
2, 4423
What are the prime factors of 1850?
2, 5, 37
List the prime factors of 2321.
11, 211
What are the prime factors of 699?
3, 233
List the prime factors of 69454.
2, 7, 11, 41
List the prime factors of 47812.
2, 11953
List the prime factors of 4545.
3, 5, 101
List the prime factors of 41236.
2, 13, 61
What are the prime factors of 2381?
2381
What are the prime factors of 4823?
7, 13, 53
List the prime factors of 13310.
2, 5, 11
List the prime factors of 134.
2, 67
What are the prime factors of 6273?
3, 17, 41
What are the prime factors of 5187?
3, 7, 13, 19
List the prime factors of 18172.
2, 7, 11, 59
What are the prime factors of 29653?
13, 2281
List the prime factors of 58984.
2, 73, 101
List the prime factors of 1982.
2, 991
What are the prime factors of 632?
2, 79
What are the prime factors of 169?
13
List the prime factors of 1372.
2, 7
List the prime factors of 24752.
2, 7, 13, 17
What are the prime factors of 17070?
2, 3, 5, 569
What are the prime factors of 11514?
2, 3, 19, 101
List the prime factors of 1084.
2, 271
List the prime factors of 19750.
2, 5, 79
What are the prime factors of 7905?
3, 5, 17, 31
What are the prime factors of 3863?
3863
List the prime factors of 966.
2, 3, 7, 23
What are the prime factors of 3486?
2, 3, 7, 83
What are the prime factors of 13854?
2, 3, 2309
List the prime factors of 162612.
2, 3, 4517
List the prime factors of 3640.
2, 5, 7, 13
List the prime factors of 27084.
2, 3, 37, 61
What are the prime factors of 2988?
2, 3, 83
List the prime factors of 697.
17, 41
What are the prime factors of 623?
7, 89
What are the prime factors of 1729?
7, 13, 19
What are the prime factors of 1894?
2, 947
What are the prime factors of 57857?
47, 1231
List the prime factors of 5979.
3, 1993
List the prime factors of 2626.
2, 13, 101
List the prime factors of 60675.
3, 5, 809
List the prime factors of 122268.
2, 3, 23, 443
List the prime factors of 3482.
2, 1741
What are the prime factors of 14252?
2, 7, 509
What are the prime factors of 5590?
2, 5, 13, 43
What are the prime factors of 1014?
2, 3, 13
List the prime factors of 344.
2, 43
List the prime factors of 26309.
26309
What are the prime factors of 206?
2, 103
What are the prime factors of 19240?
2, 5, 13, 37
List the prime factors of 33127.
157, 211
List the prime factors of 2607.
3, 11, 79
List the prime factors of 42054.
2, 3, 43, 163
List the prime factors of 25466.
2, 7, 17, 107
List the prime factors of 45978.
2, 3, 79, 97
What are the prime factors of 1864?
2, 233
List the prime factors of 169.
13
What are the prime factors of 696?
2, 3, 29
List the prime factors of 4497.
3, 1499
What are the prime factors of 2914?
2, 31, 47
What are the prime factors of 68872?
2, 8609
What are the prime factors of 868?
2, 7, 31
What are the prime factors of 723?
3, 241
List the prime factors of 29978.
2, 13, 1153
List the prime factors of 3913.
7, 13, 43
List the prime factors of 1516.
2, 379
What are the prime factors of 949?
13, 73
List the prime factors of 6028.
2, 11, 137
List the prime factors of 